76 = -v, -g + w*g - 1453 = -4*v. Is g composite?
False
Let b(c) = 5874*c**2 + 13*c - 18. Let x be b(2). Suppose 15*k - 118739 = -x. Is k a composite number?
True
Let l(p) = p**3 - 6*p**2 + p - 4. Let i be l(6). Suppose i*v - f + 6535 = -39880, -2*f - 69612 = 3*v. Is v/(-22) - 6/(-33) a prime number?
False
Let d(b) = -2048*b**2 + 6*b + 5. Let l be d(-2). Let z = -4876 - l. Is z a composite number?
False
Let t = -2979 - -3112. Is t a composite number?
True
Let x(a) = 20063*a - 248. Is x(3) prime?
False
Suppose -n = 4*t, -4*n - 2*t = t - 13. Let g be 36/2*6/n. Suppose 0 = -x + g + 60. Is x composite?
True
Is 10 + 219673 - (13 - 12) prime?
False
Let r = 176705 + -59026. Is r composite?
False
Let z = -1617470 + 2513727. Is z prime?
False
Suppose -5*p = -2*a + 271584, 71359 = -a - p + 207158. Is a a prime number?
False
Suppose 895 + 7670 = -5*r. Let a = 3760 + r. Is a composite?
True
Let w(f) = -f + 5. Let l be w(2). Suppose 0 = 17*s - 14*s - 7221. Suppose -l*n = -839 - s. Is n a composite number?
True
Suppose 5*n - 6*n = -70. Suppose h = 8*h + n. Let x(w) = 2*w**2 + 11*w + 7. Is x(h) prime?
True
Suppose 4*n - 2 - 12 = -z, 0 = -4*z + 8. Let q be (2/(-6))/(8/(-96)). Suppose 5*y + q*c = 1273, 5*y - 499 = n*y - 5*c. Is y composite?
False
Is (1015462/((-7)/(-1)))/2 composite?
False
Let v = -479460 + 822431. Is v a composite number?
False
Suppose 15 = 5*v, -m + v = 11309 - 91927. Is m a prime number?
True
Let i be -77 - (0 + 3 - 1). Let y be (i - 1)*(-23)/2. Suppose -r - 3*o = -0*r - 924, r - y = o. Is r composite?
True
Let d = -278 - -286. Suppose 59392 = d*n - 87160. Is n composite?
True
Let c(f) = -8366*f**3 + f**2 + 2*f. Let k be c(-2). Suppose -4*n + k = 12*n. Is n composite?
True
Suppose 18*u = 7*u. Suppose h - 7*h + 846 = u. Let y = h - -638. Is y a composite number?
True
Suppose -35*d - 6*d = 31*d - 927576. Is d a prime number?
False
Suppose -120*l = -118*l - 2860. Let m = l + -523. Is m a prime number?
True
Suppose 84*p - 4484323 - 3927712 - 3853393 = 0. Is p a composite number?
True
Let v(z) be the third derivative of 59*z**5/60 - 7*z**4/12 + 3*z**3/2 + 29*z**2 - 1. Is v(-4) a prime number?
True
Suppose -76*m - 2794759 + 15010361 = -2900266. Is m prime?
False
Suppose -4*o = -7*t - 922325, o = -2*t + 4*t + 230583. Is o a composite number?
True
Let z = -39611 + 55668. Is z composite?
False
Let o(w) be the third derivative of -w**5/60 - 5*w**4/24 + 7*w**3/3 - 3*w**2. Let f be o(-7). Suppose 3*x - 4*x + 377 = f. Is x composite?
True
Suppose 22*z + 27*z - 47454021 = -2406998. Is z a composite number?
True
Let w(a) = 3*a + 102. Let j be w(-33). Suppose g = -2, 3481 = 3*s - j*g + 7*g. Is s composite?
False
Suppose -23*g = 12 - 127. Suppose -18331 = -4*l + g*z, -33*l - 9153 = -35*l + 5*z. Is l composite?
True
Suppose l - 8*l = 36*l - 1699489. Is l composite?
True
Let f(x) be the third derivative of -x**5/60 + x**4/24 + 4*x**3/3 + 12*x**2. Let w be f(-3). Is ((-606)/w)/((-21)/(-28)) composite?
True
Is 0 - -2 - 0/4 - -179987 a prime number?
True
Let q = 203 - 199. Suppose 5*v - 3755 - 1020 = -q*z, -3*z - 1887 = -2*v. Is v a composite number?
True
Suppose -5*w + 24 = -w. Suppose -16*o + 11480 = -5096. Suppose w*l = 2*l + o. Is l a prime number?
False
Let k(d) = 18*d**3 + 6*d**2 - 8*d + 10. Let r be k(4). Let i = -577 + r. Is i a composite number?
True
Is 4/14 - ((-140386)/(-21))/((-2)/9) a composite number?
True
Let k be -2*(-6 - 4) + -7. Suppose 2*c - 3*p = 28735, -k*p + 12*p - 57475 = -4*c. Is c prime?
True
Let s(r) = -3*r**3 + 1. Let w be s(-1). Let k(j) = -j**3 + 7*j**2 + 2. Let h be k(7). Suppose -3*d + 2*y + 3769 = -h*y, -3785 = -3*d - w*y. Is d prime?
True
Let h(m) = -51*m - 30. Let t be h(-8). Is 7/(t/136986) + 4/18 prime?
False
Suppose -111*f + 14799349 + 7794590 = 0. Is f a composite number?
False
Let k(f) = 13*f**2 - 62*f - 96. Let g(d) = 3*d**2 - 15*d - 24. Let m(x) = -9*g(x) + 2*k(x). Let q be m(13). Is (2 + -6)/q*11182/4 a prime number?
True
Let i = 699364 + -482985. Is i a prime number?
True
Let u(z) = 188*z + 40. Let i be u(13). Let k = 5189 - i. Is k prime?
False
Let z(s) be the third derivative of -23*s**4/6 - 8*s**3/3 - 12*s**2. Let x be z(-5). Suppose -3*c + x = -894. Is c a prime number?
False
Is (-990474)/(-4)*(-38)/(-57) prime?
True
Let u be (-10)/((-280)/(-132276)) - (-1)/7. Let g be -1*(-1)/(4/u). Is 0 + 3 - ((-15)/3 + g) prime?
False
Let t be (1 + -6)*(-288)/40. Suppose -42 = -2*n - t. Suppose n*a = -5*i + 2821, 4*a + a = 3*i + 4679. Is a a composite number?
False
Let t = 70 - 60. Suppose -t*c + 9*c = 206. Is (-2)/4 + c/(-4) a composite number?
True
Is (22/(-11))/((-20)/346910) a prime number?
False
Let a be ((-7)/(-3))/(3/9). Suppose -50952 = -3*x + a*x. Is (-3)/2*x/9 a composite number?
True
Suppose 21 + 35 = 5*o + 2*h, 50 = 5*o + 5*h. Let d(g) = -3*g**2 + 20*g - 14. Let s(j) = 3*j**2 - 19*j + 14. Let y(z) = 3*d(z) + 4*s(z). Is y(o) composite?
True
Let l(d) = -2*d**3 - 12*d**2 + 4*d - 9. Let m = -2 + 2. Suppose m = x + 6*c - 2*c + 18, -3*x + 3*c = 24. Is l(x) composite?
False
Suppose -38 = -4*l + 2*g, -3*l - 5*g + g + 34 = 0. Let o = l - 7. Is 6/o*-1 - -337 a prime number?
False
Suppose 4*b - 12 = -6*r + 4*r, -4*r = -2*b - 34. Suppose -4*d + 49994 = -3*h, -r*d = -9*d - h + 12495. Is d prime?
True
Let v = 51371 - 25482. Is v prime?
True
Suppose 386 = 2*p - 4*q, p + 6*q - q = 165. Suppose -180*n - 59315 = -p*n. Is n prime?
True
Suppose -4*g = 3*q - 837 + 184, 0 = 4*g + 2*q - 650. Suppose -g*b + 162*b = 789. Is b a composite number?
True
Let p(n) = 3*n**2 + n + 186. Suppose 5*h - 12 = -3*q, -4*h = 4*q - 8 - 8. Let t be p(h). Suppose -5*b = 3*u - 2342, 0 = -b + 3*u - t + 658. Is b composite?
True
Suppose -2835 = -5*g - 3*w + 37757, 0 = -g + 4*w + 8123. Is g prime?
False
Suppose -2*m - 3*l - 378731 = -7*m, -m + l + 75747 = 0. Suppose 2*r - 19*h - 30300 = -20*h, -5*h + m = 5*r. Is r a composite number?
True
Let z(j) = -248*j - 1067. Is z(-146) composite?
False
Let w = -108 - -111. Suppose w*h - 5*j = -12913, -h + 2*j = -3*j + 4321. Is (-7)/(-49) - h/14 a prime number?
True
Let z = -419887 - -982088. Is z composite?
False
Is -21*(-13)/(1547/432599) a prime number?
False
Suppose 5*j = -117 + 127. Let x be j/8 - (-39225)/60. Suppose 6*v = 12*v - x. Is v a composite number?
False
Suppose -2*m = 23 - 41. Is 18/m*(-16196)/(-8) a composite number?
False
Suppose -202 = -10*h - 232. Is (-2)/h - (6 + (-135556)/12) a prime number?
False
Suppose -227210 = -2*z + 4*p, 5*p + 24134 = z - 89492. Is z composite?
False
Suppose 0 = -6*i - 33 - 51. Let r be (-7)/(i/(-6)) + 3767. Is ((-4)/(-8))/(2/r) prime?
True
Suppose 210*i - 802095 = 105*i. Is i composite?
False
Let x be (-6 - -9 - -2)/(10/4). Is 2 - 1221/(10/6 - x) a composite number?
True
Let i be (11 + -14)/(6/1276). Let c be i*(9/(-2) - (-6 - -4)). Suppose 0 = 32*x - 37*x + c. Is x a composite number?
True
Let j be 0/2 + -2 + -5. Let y(q) = -q**2 + 16*q + 4. Let i be y(j). Is 0 - i - (1 - (6 - 5)) prime?
True
Suppose 0 = -23*f + 7783 - 308. Let j be (-2)/(-5) - 744/10. Let w = f + j. Is w composite?
False
Suppose 13 = 7*u - 15. Suppose 5*s + u*k = 36761, -3*k + 29380 = 4*s - 7*k. Is s prime?
True
Let v be 144/(-7)*413/(-118). Is -3 + v/20 + (-245596)/(-65) prime?
True
Let h = -49254 - -96271. Is h a composite number?
False
Let m(l) = 150*l**2 - 37*l - 310. Is m(-21) composite?
False
Let f = 66157 + 37990. Is f a composite number?
False
Let x(h) = 2*h**3 - 7*h**2 + 34*h - 2076. Is x(37) a prime number?
False
Let k = -59328 - -164785. Is k prime?
False
Suppose 4*m + a - 144 = -a, -2*m - 5*a + 88 = 0. Let d = 32 - m. Is (-3394)/(-5) - d/10 composite?
True
Suppose 0 = 11*l - 7*l + 3*q - 5, 5*l - 9 = -q. Is 2/(l/3) + 3776 a prime number?
True
Let a(h) = 9*h**3 - 2*h**2 + 1. Let x be a(1). Suppose 0 = x*m - 33611 - 38365. Is m prime?
False
Suppose 626866 = 5*j + 4*r - 894091, -5*r = -j + 304203. Is j a prime number?
True
Suppose -5*m = 2*r - 18572, m + 2*r - r - 3712 = 0. Let o = m + 725. Is o composite?
False
Let o = 39369 + -23800. Is o a composite number?
False
Let q(r) = r**2 - 16*r + 30. Let b be q(14). Let p be (-5 - 1297 - b) + 1 + -1. Let s = 1539 - p. Is s prime?
True
Suppose 43016 = 94*y - 51078. Let g = -562 - -1268. Let q = y - g. Is q a prime number?
False
Let j be 5*1*1/(20/12). Suppo